 - j - 6 = 0. Suppose x - 24 = -w*x. Calculate the remainder when x is divided by 4.
2
Let l(a) = 6*a**2 + a. Let c be l(-1). Suppose 0 = -x - 4*x - 20, -64 = -4*z - c*x. Calculate the remainder when 62 is divided by z.
20
Suppose -3*q - 2*q + 5*d + 25 = 0, -12 = -2*q + 3*d. Suppose -i + 3 = 2. What is the remainder when q is divided by i?
0
Let r be ((-4)/(-12))/((-2)/(-30)). Suppose 0 = r*x - 124 + 44. Suppose -2*q + 53 + 73 = 0. Calculate the remainder when q is divided by x.
15
Let a(s) = 25*s + 13. Calculate the remainder when a(6) is divided by 33.
31
Let b = 77 - 63. Calculate the remainder when b is divided by (-2 - -4)/(2/5).
4
Suppose -j + 4 = 0, 0 = 4*x + x + 2*j - 513. What is the remainder when x is divided by 21?
17
Suppose i + 3*i = 32. Suppose 3*d - i = -3*h + 61, 5*h = 3*d - 37. Suppose -t - 5*x = 8, -t + 3*x = t - 23. What is the remainder when d is divided by t?
5
Suppose -4*q + 5 = q + 2*d, 3*q + d = 4. Suppose 5*k = q*s - 81 - 58, 2*k + 142 = 3*s. Let j = 85 - s. Calculate the remainder when j is divided by 19.
18
Suppose 1 = -5*c + 36. Calculate the remainder when 25 is divided by c.
4
Let s = 9 - 1. Calculate the remainder when s is divided by 3.
2
Suppose -72 = -5*o + 3*q, 4*o + 3*q - 29 - 34 = 0. Calculate the remainder when o is divided by ((-2)/(-5))/(2/40).
7
Let w(j) = j**3 - 13*j**2 - 28*j + 5. What is the remainder when w(15) is divided by 6?
5
Suppose y - 28 = -3*f, -3*y + 60 = 5*f - 2*f. Calculate the remainder when 31 is divided by y.
15
Let r be (-4)/(-1)*(-2)/(-4). Suppose 2*y = -r*y + 12. Let c(j) = 2*j + 1. What is the remainder when c(2) is divided by y?
2
Let y(l) = -l**3 + 5*l**2 + l + 2. Let f be (-12)/(-9)*6/(-4). Let u = f + 5. Calculate the remainder when y(5) is divided by u.
1
Let h = -111 + 160. Suppose 6*q + 7*q = 221. Calculate the remainder when h is divided by q.
15
Suppose -k + 28 = -2*j, -67 - 44 = -3*k - 3*j. Calculate the remainder when k is divided by 7.
6
Suppose 4*m + 3*h - 43 = 0, -2*m - 9 = -2*h - 27. Let d = 39 - m. Calculate the remainder when d is divided by 16.
13
Suppose -3*f - 25 = -5*l + 46, -5*f + 29 = 3*l. Calculate the remainder when 63 is divided by l.
11
Let s = 21 - 11. Let u(x) = -9*x**3 - x**2 - 2*x - 1. Let h be u(-1). Suppose -h + 99 = 5*r. Calculate the remainder when r is divided by s.
8
Let y = -50 - -66. Suppose 4*n - n = 2*s + 83, n = -5*s + 39. What is the remainder when n is divided by y?
13
Suppose 47 + 82 = 2*i - 3*d, 2*d - 104 = -2*i. What is the remainder when i is divided by 20?
17
Let f = -15 - -21. What is the remainder when f is divided by 4?
2
Let l(h) = h**2 + 4*h - 7. Suppose 2*c = 4*q + 28, -q - 4*c - 18 = c. Calculate the remainder when 48 is divided by l(q).
23
Let p(k) = -k + 1. Let y = 9 - 6. Suppose 25 = 5*l + y*z, 0*z - 15 = -5*l - z. What is the remainder when p(-1) is divided by l?
0
What is the remainder when 6/(6/2)*19 is divided by 8?
6
Calculate the remainder when 42 + 1 + (-2 - -4) is divided by 24.
21
Let q(w) = -4*w - 1. Let d(j) = -4*j - 1. Let k(m) = 7*d(m) - 6*q(m). Let g be k(-1). Suppose 1 = p - g. Calculate the remainder when 6 is divided by p.
2
Suppose 36*m - 32*m = 1004. Calculate the remainder when m is divided by 12.
11
Let k = 2 + -2. Suppose 4*r = j - 16, -j + 3*r + 16 = -k*j. Let s(q) = 9*q - 88. What is the remainder when s(15) is divided by j?
15
Let n be 18*(-3)/((-18)/22). Let z(l) = l**3 - 11*l**2 + 13*l + 5. Let c be z(10). Let b = n - c. Calculate the remainder when b is divided by 11.
9
Let y(f) = f**3 + 2*f**2 - 6*f + 22. Let g(o) = -o**2 + 32. What is the remainder when y(4) is divided by g(0)?
30
Let t = -31 - -81. Let o(c) = 35*c - 1. Let d be o(1). Suppose 0 = -4*f + 18 + d. What is the remainder when t is divided by f?
11
Let u(l) = -l**3 - 3*l**2 - l - 3. Let c(b) = -2*b**2 - 1. Let g be c(1). Let m be u(g). Let k = 2 - m. What is the remainder when 6 is divided by k?
0
Let i = -6 - -6. Suppose -2*b + 10 = i, 3*t + 6*b = b + 97. What is the remainder when t is divided by 9?
6
Let o = -28 - -78. What is the remainder when 298 is divided by o?
48
Let i(w) = w**3 - w**2 + 2*w + 11. Calculate the remainder when i(0) is divided by 2.
1
Let c(b) be the first derivative of b**4/4 - 2*b**3 + 3*b**2/2 - b - 4. Let y be c(3). Let v = 33 + y. Calculate the remainder when 26 is divided by v.
12
Let y(g) = -6 + 4*g - 2*g - g. Let l be y(6). Suppose -4*i - 22 + 146 = l. Calculate the remainder when i is divided by 11.
9
Let k = 2 + -7. Let s = -2 - k. Let l(f) = -f + 1. Calculate the remainder when l(-6) is divided by s.
1
Let v(i) = 3*i**2 - 4*i - 5. Let f be v(4). What is the remainder when 6/f - 320/(-18) is divided by 10?
8
Suppose -4 = -5*k + 6. Let v be (-2 + 3)*(3 - k). Calculate the remainder when 36 - (-3 + v)/2 is divided by 13.
11
Let k be (-1)/(-5) - (-22)/(-10). Let w = 9 + k. Calculate the remainder when 12 is divided by w.
5
Let k = 7 - -1. What is the remainder when k is divided by 5?
3
Let h(c) = -c**3 + 7*c**2 + 4. Let r be h(7). Suppose -4 = r*z + 4. Calculate the remainder when 41 is divided by 3/6 - 21/z.
8
Let v(u) = 6*u + 1. Let l be (-3)/(-12) + 198/8. Let g be (l/(-20))/((-1)/4). What is the remainder when v(g) is divided by 16?
15
Let m(u) = -u**2 - u + 6. Let z be m(3). Suppose -37 = -s + 17. Calculate the remainder when 22 is divided by (s/(-15))/(z/20).
10
Let d(l) = 6*l - 7. What is the remainder when 40 is divided by d(3)?
7
Suppose i = -0*i + 12. Calculate the remainder when 47 is divided by (-39)/(-4) - (-3)/i.
7
Suppose 4*j = 5*j. Suppose -4*w = -3*d - 88, 2*w = -3*d - j*d + 44. Calculate the remainder when 43 is divided by w.
21
Suppose 84 = -0*f + 3*f. Suppose 5*b + f = 178. Calculate the remainder when b is divided by 11.
8
Let i be -1 + (-2)/(-1) - -16. What is the remainder when 13 is divided by i/3 + (-6)/9?
3
Let r = 62 - 47. What is the remainder when r is divided by (16/2)/(0 - -1)?
7
Let f = -41 + 63. Suppose 42 = 2*o - o. Calculate the remainder when o is divided by f.
20
Suppose 5*t - 10*t + 95 = 0. Calculate the remainder when t is divided by 10.
9
Let b = 113 + -4. Calculate the remainder when b is divided by 28.
25
Let j be 3/(-6) + 7/(-2). Let n be j/(-14) - 634/14. What is the remainder when (n/12)/(3/(-8)) is divided by 6?
4
Let a = 759 + -425. Calculate the remainder when a is divided by 16.
14
Let p = -123 - -68. Let a(y) = y**2 + 6*y + 7. Calculate the remainder when (-2)/5 - 132/p is divided by a(-5).
0
Let z(y) = -y**3 - 7*y**2 + 6*y - 1. Calculate the remainder when z(-8) is divided by 3.
0
Let u = 70 + -13. Calculate the remainder when u is divided by 15.
12
Suppose v + 10 = -v. Let r(f) = -f**3 - 5*f**2 - 2*f + 1. Calculate the remainder when r(v) is divided by (-2 + 40/14)*7.
5
Suppose 2*o = 5*o + 12, 0 = 3*t + o - 119. Calculate the remainder when t is divided by 6.
5
Let j(h) = -8*h. Suppose 6*g - 2*g = 24. Calculate the remainder when j(-2) is divided by g.
4
Suppose 24*k = 26*k - 116. Calculate the remainder when k is divided by 6.
4
What is the remainder when (16/32)/((-1)/(-66)) is divided by 21?
12
Suppose -5*r + 17 = -8. Suppose 3*t = r + 28. Calculate the remainder when 31 is divided by t.
9
Let m(t) = -27*t**2 - 9*t - 9. Let y(o) = -13*o**2 - 4*o - 4. Let k(z) = 4*m(z) - 9*y(z). Calculate the remainder when 25 is divided by k(-1).
7
Let l(y) = -y**2 + y + 29. Calculate the remainder when l(0) is divided by 8.
5
Let p(g) = 2*g**2 + 26*g - 20. Let b(z) = -z**2 - 9*z + 7. Let l(n) = -8*b(n) - 3*p(n). Suppose 57 + 31 = 4*w. What is the remainder when w is divided by l(4)?
10
What is the remainder when 91 is divided by (-1)/1 + -15 + 47?
29
What is the remainder when 2 + (0 - -1)/((-2)/(-14)) is divided by 6?
3
Suppose 3*m + 12 + 4 = s, 5*s = -3*m + 170. Suppose a + 2*x = -2*a + 22, 4*a - 31 = -x. What is the remainder when s is divided by a?
7
Let g be (-3)/(-2)*4/3. Suppose 4*a + 5*p - 37 = 0, 2*p = -0*a + 5*a - 38. What is the remainder when g + 2*26/4 is divided by a?
7
Let k = 1 - 1. Suppose k = l - 7 - 15. Calculate the remainder when l is divided by 12.
10
Suppose 2*t = 4, -4*l - 36 = -2*t - 124. Suppose 0 = -2*k - 4*k + 264. What is the remainder when k is divided by l?
21
Let w = -2 + 8. Suppose w + 87 = x. Let v = -50 + x. What is the rema